{"id":799,"date":"2018-11-21T12:24:28","date_gmt":"2018-11-21T12:24:28","guid":{"rendered":"http:\/\/gri.ese.ipp.pt\/wp-content\/uploads\/2018\/11\/ResultadosErasmusProvisorios.pdf"},"modified":"2018-11-21T12:24:35","modified_gmt":"2018-11-21T12:24:35","slug":"resultadoserasmusprovisorios","status":"inherit","type":"attachment","link":"https:\/\/gri.ese.ipp.pt\/?attachment_id=799","title":{"rendered":"Resultados do Concurso para a realiza\u00e7\u00e3o de Mobilidade de Estudantes no \u00e2mbito do Programa Erasmus+ no 2\u00ba Semestre do ano acad\u00e9mico 2018\/2019"},"author":2,"featured_media":0,"comment_status":"open","ping_status":"closed","template":"","meta":[],"class_list":["post-799","attachment","type-attachment","status-inherit","hentry"],"description":{"rendered":"<p class=\"attachment\"><a href='https:\/\/gri.ese.ipp.pt\/wp-content\/uploads\/2018\/11\/ResultadosErasmusProvisorios.pdf'>Resultados do Concurso para a realiza\u00e7\u00e3o de Mobilidade de Estudantes no \u00e2mbito do Programa Erasmus+ no 2\u00ba Semestre do ano acad\u00e9mico 2018\/2019<\/a><\/p>\n"},"caption":{"rendered":"<p>Resultados do Concurso para a realiza\u00e7\u00e3o de Mobilidade de Estudantes no \u00e2mbito do Programa Erasmus+ no 2\u00ba Semestre do ano acad\u00e9mico 2018\/2019<\/p>\n"},"alt_text":"","media_type":"file","mime_type":"application\/pdf","media_details":{},"post":170,"source_url":"https:\/\/gri.ese.ipp.pt\/wp-content\/uploads\/2018\/11\/ResultadosErasmusProvisorios.pdf","_links":{"self":[{"href":"https:\/\/gri.ese.ipp.pt\/index.php?rest_route=\/wp\/v2\/media\/799","targetHints":{"allow":["GET"]}}],"collection":[{"href":"https:\/\/gri.ese.ipp.pt\/index.php?rest_route=\/wp\/v2\/media"}],"about":[{"href":"https:\/\/gri.ese.ipp.pt\/index.php?rest_route=\/wp\/v2\/types\/attachment"}],"author":[{"embeddable":true,"href":"https:\/\/gri.ese.ipp.pt\/index.php?rest_route=\/wp\/v2\/users\/2"}],"replies":[{"embeddable":true,"href":"https:\/\/gri.ese.ipp.pt\/index.php?rest_route=%2Fwp%2Fv2%2Fcomments&post=799"}],"wp:attached-to":[{"embeddable":true,"post_type":"page","id":170,"href":"https:\/\/gri.ese.ipp.pt\/index.php?rest_route=\/wp\/v2\/pages\/170"}],"curies":[{"name":"wp","href":"https:\/\/api.w.org\/{rel}","templated":true}]}}

Resultados do Concurso para a realização de Mobilidade de Estudantes no âmbito do Programa Erasmus+ no 2º Semestre do ano académico 2018/2019

<p class="attachment"><a href='https://gri.ese.ipp.pt/wp-content/uploads/2018/11/ResultadosErasmusProvisorios.pdf'>Resultados do Concurso para a realização de Mobilidade de Estudantes no âmbito do Programa Erasmus+ no 2º Semestre do ano académico 2018/2019</a></p>

<p>Resultados do Concurso para a realização de Mobilidade de Estudantes no âmbito do Programa Erasmus+ no 2º Semestre do ano académico 2018/2019</p>
