{"id":1104,"date":"2020-04-24T07:38:02","date_gmt":"2020-04-24T07:38:02","guid":{"rendered":"http:\/\/gri.ese.ipp.pt\/bem-vindo-welcome-espanol\/"},"modified":"2024-09-18T15:28:51","modified_gmt":"2024-09-18T15:28:51","slug":"bem-vindo-welcome-espanol","status":"publish","type":"page","link":"https:\/\/gri.ese.ipp.pt\/?page_id=1104&lang=es","title":{"rendered":"Bienvenido\/a"},"content":{"rendered":"\n<h3 class=\"wp-block-heading\" id=\"noticias\">Noticias<\/h3>\n\n\n\n<figure class=\"wp-block-image size-full\"><img loading=\"lazy\" decoding=\"async\" width=\"300\" height=\"119\" src=\"https:\/\/gri.ese.ipp.pt\/wp-content\/uploads\/2022\/02\/int.png\" alt=\"\" class=\"wp-image-1708\"\/><\/figure>\n\n\n\n<p>Est\u00e1n en marcha los preparativos para la nueva edici\u00f3n de la Conferencia InterNetWorking \u2013 Semana Intercultural (INW25).<\/p>\n\n\n\n<p>M\u00e1s informaci\u00f3n: https:\/\/inw.ese.ipp.pt\/?lang=es  <br><\/p>\n\n\n\n<h2 class=\"wp-block-heading\">Sesi\u00f3n de Bienvenida InterNetWorking 2024\/25<\/h2>\n\n\n\n<p>Para los estudiantes que realizan una movilidad en el marco de programas de cooperaci\u00f3n (como Erasmus+), la Oficina de Relaciones Internacionales organiza una Sesi\u00f3n de Bienvenida InterNetWorking, que tendr\u00e1 lugar de forma presencial el 19 de septiembre de 2024 a las 10h30 (Sala A106).<\/p>\n\n\n\n<p>Programa:<\/p>\n\n\n\n<ul class=\"wp-block-list\">\n<li>Sesi\u00f3n de apertura &#8211; presentaci\u00f3n de nuestra instituci\u00f3n y aspectos clave de la movilidad Erasmus+;<\/li>\n\n\n\n<li>Curso de supervivencia de lengua y cultura portuguesa;<\/li>\n\n\n\n<li>Visita al campus universitario y visita a la ciudad de Oporto junto con el grupo de eBuddies (estudiantes portugueses voluntarios de la Facultad de Educaci\u00f3n que te dar\u00e1n la bienvenida y te ayudar\u00e1n a integrarte).<\/li>\n<\/ul>\n\n\n\n<p><\/p>\n\n\n\n<p><\/p>\n\n\n\n<p>&#8220;<strong>Proyecto Podcast &#8211; Una gu\u00eda para la Movilidad Internacional&#8221;<\/strong><\/p>\n\n\n\n<div class=\"wp-block-columns is-layout-flex wp-container-core-columns-is-layout-9d6595d7 wp-block-columns-is-layout-flex\">\n<div class=\"wp-block-column is-layout-flow wp-block-column-is-layout-flow\" style=\"flex-basis:33.33%\">\n<div class=\"wp-block-columns is-layout-flex wp-container-core-columns-is-layout-9d6595d7 wp-block-columns-is-layout-flex\">\n<div class=\"wp-block-column is-layout-flow wp-block-column-is-layout-flow\" style=\"flex-basis:100%\">\n<figure class=\"wp-block-image size-full\"><img loading=\"lazy\" decoding=\"async\" width=\"863\" height=\"1024\" src=\"https:\/\/gri.ese.ipp.pt\/wp-content\/uploads\/2022\/02\/podcast_esp-4.png\" alt=\"\" class=\"wp-image-1716\" srcset=\"https:\/\/gri.ese.ipp.pt\/wp-content\/uploads\/2022\/02\/podcast_esp-4.png 863w, https:\/\/gri.ese.ipp.pt\/wp-content\/uploads\/2022\/02\/podcast_esp-4-253x300.png 253w, https:\/\/gri.ese.ipp.pt\/wp-content\/uploads\/2022\/02\/podcast_esp-4-768x911.png 768w\" sizes=\"auto, (max-width: 863px) 100vw, 863px\" \/><\/figure>\n<\/div>\n<\/div>\n<\/div>\n\n\n\n<div class=\"wp-block-column is-layout-flow wp-block-column-is-layout-flow\" style=\"flex-basis:33.33%\"><\/div>\n\n\n\n<div class=\"wp-block-column is-layout-flow wp-block-column-is-layout-flow\" style=\"flex-basis:33.33%\"><\/div>\n<\/div>\n\n\n\n<p>La aparici\u00f3n del virus <strong>COVID-19<\/strong> trajo consigo inmensas implicaciones que llevaron a la declaraci\u00f3n del estado de emergencia y, en consecuencia, a una pandemia mundial. Forzosamente, y en aras de la salud p\u00fablica, se impuso una cuarentena obligatoria que dificult\u00f3 las relaciones interpersonales, impidiendo por completo el contacto cara a cara. \u00bfC\u00f3mo se ha remediado esto? Pues de forma virtual. Cualquier situaci\u00f3n cotidiana considerada &#8220;banal&#8221; se hac\u00eda ahora a trav\u00e9s de una pantalla, y los alumnos de nuestra escuela no fueron una excepci\u00f3n.&nbsp;<\/p>\n\n\n\n<p>De ah\u00ed naci\u00f3 el <strong>&#8220;Proyecto Podcast &#8211; Una gu\u00eda para la Movilidad Internacional&#8221;<\/strong>, un podcast creado por los alumnos interinos de la Oficina de Relaciones Internacionales (GRI). Este proyecto fue una de las varias &#8220;perlas&#8221; creadas por la pandemia. Su objetivo es promover la interacci\u00f3n social e intercultural entre los estudiantes de la Escuela de Educaci\u00f3n y los estudiantes insertos en los diversos Programas de Movilidad Internacional que la oficina ofrece a trav\u00e9s de una conversaci\u00f3n informal que incluye temas como la Internacionalizaci\u00f3n de la Educaci\u00f3n Superior, el Multiculturalismo, la Convivencia Multicultural, el Pluriling\u00fcismo, y mucho m\u00e1s.<\/p>\n\n\n\n<p>De este modo, este proyecto es continuado por los alumnos interinos del GRI. Aunque vivamos una lenta normalizaci\u00f3n, el proyecto result\u00f3 ser demasiado importante, con <em>feedbacks<\/em> positivos que despertaron inter\u00e9s y motivaci\u00f3n, para ser interrumpido, por lo que, a la fecha de redacci\u00f3n de este art\u00edculo, se siguen grabando nuevos episodios. Para los interesados en escuchar el podcast, los enlaces de todos los episodios est\u00e1n disponibles en la p\u00e1gina principal del sitio web del GRI, as\u00ed como en el c\u00f3digo QR arriba indicado.<\/p>\n\n\n\n<figure class=\"wp-block-video\"><video height=\"1080\" style=\"aspect-ratio: 1920 \/ 1080;\" width=\"1920\" controls src=\"https:\/\/gri.ese.ipp.pt\/wp-content\/uploads\/2020\/05\/We-return-together.mp4\"><\/video><\/figure>\n\n\n\n<p><a href=\"#VolvemosJuntos\" target=\"_blank\" rel=\"noreferrer noopener\">#VolvemosJuntos<\/a><\/p>\n\n\n\n<figure class=\"wp-block-image\"><img loading=\"lazy\" decoding=\"async\" width=\"300\" height=\"85\" src=\"https:\/\/gri.ese.ipp.pt\/wp-content\/uploads\/2018\/07\/ebuddy-300x85.png\" alt=\"\" class=\"wp-image-405\" srcset=\"https:\/\/gri.ese.ipp.pt\/wp-content\/uploads\/2018\/07\/ebuddy-300x85.png 300w, https:\/\/gri.ese.ipp.pt\/wp-content\/uploads\/2018\/07\/ebuddy.png 394w\" sizes=\"auto, (max-width: 300px) 100vw, 300px\" \/><\/figure>\n\n\n\n<p>Si eres estudiante en la Escuela Superior de Educaci\u00f3n, participa en el programa eBuddy. Inscr\u00edbite <a href=\"https:\/\/programaebuddy.typeform.com\/to\/CVsotO\" target=\"_blank\" rel=\"noreferrer noopener\">aqu\u00ed<\/a>!<\/p>\n\n\n\n<h3 class=\"wp-block-heading\" id=\"miembros-de-la-oficina-de-relaciones-internacionales\">Miembros de la Oficina de Relaciones Internacionales<\/h3>\n\n\n\n<div class=\"wp-block-group\"><div class=\"wp-block-group__inner-container is-layout-flow wp-block-group-is-layout-flow\">\n<figure class=\"wp-block-gallery has-nested-images columns-2 is-cropped wp-block-gallery-1 is-layout-flex wp-block-gallery-is-layout-flex\">\n<figure class=\"wp-block-image size-full\"><img loading=\"lazy\" decoding=\"async\" width=\"356\" height=\"458\" data-id=\"1780\" src=\"https:\/\/gri.ese.ipp.pt\/wp-content\/uploads\/2022\/09\/foto_SB-1.jpg\" alt=\"\" class=\"wp-image-1780\" srcset=\"https:\/\/gri.ese.ipp.pt\/wp-content\/uploads\/2022\/09\/foto_SB-1.jpg 356w, https:\/\/gri.ese.ipp.pt\/wp-content\/uploads\/2022\/09\/foto_SB-1-233x300.jpg 233w\" sizes=\"auto, (max-width: 356px) 100vw, 356px\" \/><figcaption class=\"wp-element-caption\">S\u00edlvia Barros<br>(Coordinadora)<\/figcaption><\/figure>\n\n\n\n<figure class=\"wp-block-image size-large\"><img loading=\"lazy\" decoding=\"async\" width=\"447\" height=\"444\" data-id=\"395\" src=\"https:\/\/gri.ese.ipp.pt\/wp-content\/uploads\/2018\/07\/dianafinal.png\" alt=\"\" class=\"wp-image-395\" srcset=\"https:\/\/gri.ese.ipp.pt\/wp-content\/uploads\/2018\/07\/dianafinal.png 447w, https:\/\/gri.ese.ipp.pt\/wp-content\/uploads\/2018\/07\/dianafinal-150x150.png 150w, https:\/\/gri.ese.ipp.pt\/wp-content\/uploads\/2018\/07\/dianafinal-300x298.png 300w\" sizes=\"auto, (max-width: 447px) 100vw, 447px\" \/><figcaption class=\"wp-element-caption\">Diana Kruma-Ferreira<br>(Apoyo administrativo)<\/figcaption><\/figure>\n<\/figure>\n<\/div><\/div>\n\n\n\n<figure class=\"wp-block-gallery has-nested-images columns-default is-cropped wp-block-gallery-2 is-layout-flex wp-block-gallery-is-layout-flex\"><\/figure>\n\n\n\n<p><strong>m<\/strong>&nbsp;Polit\u00e9cnico do Porto&nbsp;&#8211; Escola Superior de Educa\u00e7\u00e3o, Rua Dr. Roberto Frias, 602, 4200-465 Porto, Portugal<\/p>\n\n\n\n<p><strong>t<\/strong>&nbsp;+351 225073474<\/p>\n\n\n\n<p><strong>f<\/strong> +351 225073464<\/p>\n\n\n\n<p><strong>e <\/strong>gri@ese.ipp.pt<\/p>\n\n\n\n<p><a href=\"https:\/\/join.skype.com\/invite\/iN4KnHPqt2VX\"><img loading=\"lazy\" decoding=\"async\" width=\"53\" height=\"53\" class=\"alignnone  wp-image-1097\" src=\"https:\/\/gri.ese.ipp.pt\/wp-content\/uploads\/2020\/03\/skype-300x300.png\" alt=\"\" srcset=\"https:\/\/gri.ese.ipp.pt\/wp-content\/uploads\/2020\/03\/skype-300x300.png 300w, https:\/\/gri.ese.ipp.pt\/wp-content\/uploads\/2020\/03\/skype-150x150.png 150w, https:\/\/gri.ese.ipp.pt\/wp-content\/uploads\/2020\/03\/skype-768x768.png 768w, https:\/\/gri.ese.ipp.pt\/wp-content\/uploads\/2020\/03\/skype-1024x1024.png 1024w, https:\/\/gri.ese.ipp.pt\/wp-content\/uploads\/2020\/03\/skype.png 1200w\" sizes=\"auto, (max-width: 53px) 100vw, 53px\" \/>Cont\u00e1ctenos a trav\u00e9s del Skype!<\/a><\/p>\n\n\n\n<p><strong>horario&nbsp;<\/strong>martes &amp; jueves, 10h00 &#8211; 12h00 &amp; 14h30 &#8211; 15h30<\/p>\n\n\n\n<figure class=\"wp-block-image\"><img loading=\"lazy\" decoding=\"async\" width=\"300\" height=\"66\" src=\"https:\/\/gri.ese.ipp.pt\/wp-content\/uploads\/2018\/07\/logo-Pporto-01-300x66.jpg\" alt=\"\" class=\"wp-image-481\" srcset=\"https:\/\/gri.ese.ipp.pt\/wp-content\/uploads\/2018\/07\/logo-Pporto-01-300x66.jpg 300w, https:\/\/gri.ese.ipp.pt\/wp-content\/uploads\/2018\/07\/logo-Pporto-01-768x169.jpg 768w, https:\/\/gri.ese.ipp.pt\/wp-content\/uploads\/2018\/07\/logo-Pporto-01-1024x225.jpg 1024w\" sizes=\"auto, (max-width: 300px) 100vw, 300px\" \/><\/figure>\n\n\n\n<figure class=\"wp-block-image\"><img loading=\"lazy\" decoding=\"async\" width=\"287\" height=\"168\" src=\"https:\/\/gri.ese.ipp.pt\/wp-content\/uploads\/2018\/07\/ese.jpg\" alt=\"\" class=\"wp-image-484\"\/><\/figure>\n","protected":false},"excerpt":{"rendered":"<p>Noticias Est\u00e1n en marcha los preparativos para la nueva edici\u00f3n de la Conferencia InterNetWorking \u2013 Semana Intercultural (INW25). M\u00e1s informaci\u00f3n: https:\/\/inw.ese.ipp.pt\/?lang=es Sesi\u00f3n de Bienvenida InterNetWorking 2024\/25 Para los estudiantes que realizan una movilidad en el marco de programas de cooperaci\u00f3n&hellip;<\/p>\n","protected":false},"author":2,"featured_media":0,"parent":0,"menu_order":0,"comment_status":"closed","ping_status":"closed","template":"","meta":{"footnotes":""},"class_list":["post-1104","page","type-page","status-publish","hentry"],"_links":{"self":[{"href":"https:\/\/gri.ese.ipp.pt\/index.php?rest_route=\/wp\/v2\/pages\/1104","targetHints":{"allow":["GET"]}}],"collection":[{"href":"https:\/\/gri.ese.ipp.pt\/index.php?rest_route=\/wp\/v2\/pages"}],"about":[{"href":"https:\/\/gri.ese.ipp.pt\/index.php?rest_route=\/wp\/v2\/types\/page"}],"author":[{"embeddable":true,"href":"https:\/\/gri.ese.ipp.pt\/index.php?rest_route=\/wp\/v2\/users\/2"}],"replies":[{"embeddable":true,"href":"https:\/\/gri.ese.ipp.pt\/index.php?rest_route=%2Fwp%2Fv2%2Fcomments&post=1104"}],"version-history":[{"count":30,"href":"https:\/\/gri.ese.ipp.pt\/index.php?rest_route=\/wp\/v2\/pages\/1104\/revisions"}],"predecessor-version":[{"id":2153,"href":"https:\/\/gri.ese.ipp.pt\/index.php?rest_route=\/wp\/v2\/pages\/1104\/revisions\/2153"}],"wp:attachment":[{"href":"https:\/\/gri.ese.ipp.pt\/index.php?rest_route=%2Fwp%2Fv2%2Fmedia&parent=1104"}],"curies":[{"name":"wp","href":"https:\/\/api.w.org\/{rel}","templated":true}]}}

<h3 class="wp-block-heading" id="noticias">Noticias</h3>



<figure class="wp-block-image size-full"><img loading="lazy" decoding="async" width="300" height="119" src="https://gri.ese.ipp.pt/wp-content/uploads/2022/02/int.png" alt="" class="wp-image-1708"/></figure>



<p>Están en marcha los preparativos para la nueva edición de la Conferencia InterNetWorking – Semana Intercultural (INW25).</p>



<p>Más información: https://inw.ese.ipp.pt/?lang=es  <br></p>



<h2 class="wp-block-heading">Sesión de Bienvenida InterNetWorking 2024/25</h2>



<p>Para los estudiantes que realizan una movilidad en el marco de programas de cooperación (como Erasmus+), la Oficina de Relaciones Internacionales organiza una Sesión de Bienvenida InterNetWorking, que tendrá lugar de forma presencial el 19 de septiembre de 2024 a las 10h30 (Sala A106).</p>



<p>Programa:</p>



<ul class="wp-block-list">
<li>Sesión de apertura &#8211; presentación de nuestra institución y aspectos clave de la movilidad Erasmus+;</li>



<li>Curso de supervivencia de lengua y cultura portuguesa;</li>



<li>Visita al campus universitario y visita a la ciudad de Oporto junto con el grupo de eBuddies (estudiantes portugueses voluntarios de la Facultad de Educación que te darán la bienvenida y te ayudarán a integrarte).</li>
</ul>



<p></p>



<p></p>



<p>&#8220;<strong>Proyecto Podcast &#8211; Una guía para la Movilidad Internacional&#8221;</strong></p>



<div class="wp-block-columns is-layout-flex wp-container-core-columns-is-layout-9d6595d7 wp-block-columns-is-layout-flex">
<div class="wp-block-column is-layout-flow wp-block-column-is-layout-flow" style="flex-basis:33.33%">
<div class="wp-block-columns is-layout-flex wp-container-core-columns-is-layout-9d6595d7 wp-block-columns-is-layout-flex">
<div class="wp-block-column is-layout-flow wp-block-column-is-layout-flow" style="flex-basis:100%">
<figure class="wp-block-image size-full"><img loading="lazy" decoding="async" width="863" height="1024" src="https://gri.ese.ipp.pt/wp-content/uploads/2022/02/podcast_esp-4.png" alt="" class="wp-image-1716" srcset="https://gri.ese.ipp.pt/wp-content/uploads/2022/02/podcast_esp-4.png 863w, https://gri.ese.ipp.pt/wp-content/uploads/2022/02/podcast_esp-4-253x300.png 253w, https://gri.ese.ipp.pt/wp-content/uploads/2022/02/podcast_esp-4-768x911.png 768w" sizes="auto, (max-width: 863px) 100vw, 863px" /></figure>
</div>
</div>
</div>



<div class="wp-block-column is-layout-flow wp-block-column-is-layout-flow" style="flex-basis:33.33%"></div>



<div class="wp-block-column is-layout-flow wp-block-column-is-layout-flow" style="flex-basis:33.33%"></div>
</div>



<p>La aparición del virus <strong>COVID-19</strong> trajo consigo inmensas implicaciones que llevaron a la declaración del estado de emergencia y, en consecuencia, a una pandemia mundial. Forzosamente, y en aras de la salud pública, se impuso una cuarentena obligatoria que dificultó las relaciones interpersonales, impidiendo por completo el contacto cara a cara. ¿Cómo se ha remediado esto? Pues de forma virtual. Cualquier situación cotidiana considerada &#8220;banal&#8221; se hacía ahora a través de una pantalla, y los alumnos de nuestra escuela no fueron una excepción.&nbsp;</p>



<p>De ahí nació el <strong>&#8220;Proyecto Podcast &#8211; Una guía para la Movilidad Internacional&#8221;</strong>, un podcast creado por los alumnos interinos de la Oficina de Relaciones Internacionales (GRI). Este proyecto fue una de las varias &#8220;perlas&#8221; creadas por la pandemia. Su objetivo es promover la interacción social e intercultural entre los estudiantes de la Escuela de Educación y los estudiantes insertos en los diversos Programas de Movilidad Internacional que la oficina ofrece a través de una conversación informal que incluye temas como la Internacionalización de la Educación Superior, el Multiculturalismo, la Convivencia Multicultural, el Plurilingüismo, y mucho más.</p>



<p>De este modo, este proyecto es continuado por los alumnos interinos del GRI. Aunque vivamos una lenta normalización, el proyecto resultó ser demasiado importante, con <em>feedbacks</em> positivos que despertaron interés y motivación, para ser interrumpido, por lo que, a la fecha de redacción de este artículo, se siguen grabando nuevos episodios. Para los interesados en escuchar el podcast, los enlaces de todos los episodios están disponibles en la página principal del sitio web del GRI, así como en el código QR arriba indicado.</p>



<figure class="wp-block-video"><video height="1080" style="aspect-ratio: 1920 / 1080;" width="1920" controls src="https://gri.ese.ipp.pt/wp-content/uploads/2020/05/We-return-together.mp4"></video></figure>



<p><a href="#VolvemosJuntos" target="_blank" rel="noreferrer noopener">#VolvemosJuntos</a></p>



<figure class="wp-block-image"><img loading="lazy" decoding="async" width="300" height="85" src="https://gri.ese.ipp.pt/wp-content/uploads/2018/07/ebuddy-300x85.png" alt="" class="wp-image-405" srcset="https://gri.ese.ipp.pt/wp-content/uploads/2018/07/ebuddy-300x85.png 300w, https://gri.ese.ipp.pt/wp-content/uploads/2018/07/ebuddy.png 394w" sizes="auto, (max-width: 300px) 100vw, 300px" /></figure>



<p>Si eres estudiante en la Escuela Superior de Educación, participa en el programa eBuddy. Inscríbite <a href="https://programaebuddy.typeform.com/to/CVsotO" target="_blank" rel="noreferrer noopener">aquí</a>!</p>



<h3 class="wp-block-heading" id="miembros-de-la-oficina-de-relaciones-internacionales">Miembros de la Oficina de Relaciones Internacionales</h3>



<div class="wp-block-group"><div class="wp-block-group__inner-container is-layout-flow wp-block-group-is-layout-flow">
<figure class="wp-block-gallery has-nested-images columns-2 is-cropped wp-block-gallery-1 is-layout-flex wp-block-gallery-is-layout-flex">
<figure class="wp-block-image size-full"><img loading="lazy" decoding="async" width="356" height="458" data-id="1780" src="https://gri.ese.ipp.pt/wp-content/uploads/2022/09/foto_SB-1.jpg" alt="" class="wp-image-1780" srcset="https://gri.ese.ipp.pt/wp-content/uploads/2022/09/foto_SB-1.jpg 356w, https://gri.ese.ipp.pt/wp-content/uploads/2022/09/foto_SB-1-233x300.jpg 233w" sizes="auto, (max-width: 356px) 100vw, 356px" /><figcaption class="wp-element-caption">Sílvia Barros<br>(Coordinadora)</figcaption></figure>



<figure class="wp-block-image size-large"><img loading="lazy" decoding="async" width="447" height="444" data-id="395" src="https://gri.ese.ipp.pt/wp-content/uploads/2018/07/dianafinal.png" alt="" class="wp-image-395" srcset="https://gri.ese.ipp.pt/wp-content/uploads/2018/07/dianafinal.png 447w, https://gri.ese.ipp.pt/wp-content/uploads/2018/07/dianafinal-150x150.png 150w, https://gri.ese.ipp.pt/wp-content/uploads/2018/07/dianafinal-300x298.png 300w" sizes="auto, (max-width: 447px) 100vw, 447px" /><figcaption class="wp-element-caption">Diana Kruma-Ferreira<br>(Apoyo administrativo)</figcaption></figure>
</figure>
</div></div>



<figure class="wp-block-gallery has-nested-images columns-default is-cropped wp-block-gallery-2 is-layout-flex wp-block-gallery-is-layout-flex"></figure>



<p><strong>m</strong>&nbsp;Politécnico do Porto&nbsp;&#8211; Escola Superior de Educação, Rua Dr. Roberto Frias, 602, 4200-465 Porto, Portugal</p>



<p><strong>t</strong>&nbsp;+351 225073474</p>



<p><strong>f</strong> +351 225073464</p>



<p><strong>e </strong>gri@ese.ipp.pt</p>



<p><a href="https://join.skype.com/invite/iN4KnHPqt2VX"><img loading="lazy" decoding="async" width="53" height="53" class="alignnone  wp-image-1097" src="https://gri.ese.ipp.pt/wp-content/uploads/2020/03/skype-300x300.png" alt="" srcset="https://gri.ese.ipp.pt/wp-content/uploads/2020/03/skype-300x300.png 300w, https://gri.ese.ipp.pt/wp-content/uploads/2020/03/skype-150x150.png 150w, https://gri.ese.ipp.pt/wp-content/uploads/2020/03/skype-768x768.png 768w, https://gri.ese.ipp.pt/wp-content/uploads/2020/03/skype-1024x1024.png 1024w, https://gri.ese.ipp.pt/wp-content/uploads/2020/03/skype.png 1200w" sizes="auto, (max-width: 53px) 100vw, 53px" />Contáctenos a través del Skype!</a></p>



<p><strong>horario&nbsp;</strong>martes &amp; jueves, 10h00 &#8211; 12h00 &amp; 14h30 &#8211; 15h30</p>



<figure class="wp-block-image"><img loading="lazy" decoding="async" width="300" height="66" src="https://gri.ese.ipp.pt/wp-content/uploads/2018/07/logo-Pporto-01-300x66.jpg" alt="" class="wp-image-481" srcset="https://gri.ese.ipp.pt/wp-content/uploads/2018/07/logo-Pporto-01-300x66.jpg 300w, https://gri.ese.ipp.pt/wp-content/uploads/2018/07/logo-Pporto-01-768x169.jpg 768w, https://gri.ese.ipp.pt/wp-content/uploads/2018/07/logo-Pporto-01-1024x225.jpg 1024w" sizes="auto, (max-width: 300px) 100vw, 300px" /></figure>



<figure class="wp-block-image"><img loading="lazy" decoding="async" width="287" height="168" src="https://gri.ese.ipp.pt/wp-content/uploads/2018/07/ese.jpg" alt="" class="wp-image-484"/></figure>

<p>Noticias Están en marcha los preparativos para la nueva edición de la Conferencia InterNetWorking – Semana Intercultural (INW25). Más información: https://inw.ese.ipp.pt/?lang=es Sesión de Bienvenida InterNetWorking 2024/25 Para los estudiantes que realizan una movilidad en el marco de programas de cooperación&hellip;</p>
