{"id":1225,"date":"2020-04-24T12:19:15","date_gmt":"2020-04-24T12:19:15","guid":{"rendered":"http:\/\/gri.ese.ipp.pt\/?page_id=1225"},"modified":"2025-11-27T13:16:39","modified_gmt":"2025-11-27T13:16:39","slug":"personal-no-docente","status":"publish","type":"page","link":"https:\/\/gri.ese.ipp.pt\/?page_id=1225&lang=es","title":{"rendered":"Personal no docente"},"content":{"rendered":"\n<p>La <a href=\"https:\/\/www.ipp.pt\/education\/schools\/ese\">Escuela Superior de Educaci\u00f3n<\/a> del <a href=\"https:\/\/youtu.be\/NIrn0kO489k\">P.PORTO<\/a> est\u00e1 muy interesada y es proactiva en el proceso de internacionalizaci\u00f3n. Ofrece una variedad de cursos de grado y posgrado, que incluyen maestr\u00edas y un doctorado en cooperaci\u00f3n con la Universidad de Santiago de Compostela, en Espa\u00f1a.<\/p>\n\n\n\n<p>Si usted es funcionario en una de nuestras instituciones asociadas y desea visitarnos, le sugerimos que planee hacerlo durante nuestro per\u00edodo de la <a href=\"http:\/\/inw.ese.ipp.pt\">Conferencia InterNetWorking &#8211; Semana Intercultural (INW25)<\/a>: del 22 al 24 de abril de 2025.<\/p>\n\n\n\n<figure class=\"wp-block-image\"><img decoding=\"async\" src=\"https:\/\/gri.ese.ipp.pt\/wp-content\/uploads\/2018\/07\/int-300x119.png\" alt=\"\" class=\"wp-image-401\"\/><\/figure>\n\n\n\n<p>P.PORTO &#8211; ESE se complace en invitarlo a participar en su Conferencia InterNetWorking &#8211; Semana Intercultural (INW25) que tendr\u00e1 lugar del 22 al 24 de abril de 2025. Este evento se basa en:<\/p>\n\n\n\n<ol class=\"wp-block-list\">\n<li>Conferencias y seminarios.<\/li>\n\n\n\n<li>Sesiones de redes de investigaci\u00f3n<\/li>\n\n\n\n<li>Cursos de idiomas impartidos<\/li>\n\n\n\n<li>Sesiones de formaci\u00f3n para personal no docente.<\/li>\n\n\n\n<li>Eventos sociales y culturales.<\/li>\n<\/ol>\n\n\n\n<p><a rel=\"noreferrer noopener\" href=\"https:\/\/goo.gl\/forms\/DMC08pQ9MVNOXVFv2\" target=\"_blank\">I<\/a><a href=\"https:\/\/forms.office.com\/Pages\/ResponsePage.aspx?id=luUd1aBFpUqg2EfRyViqMkaIWAGx-exPrvnTdlpB8BNUQVFQRFBMQVpKSk44UTdYWFpPTFNGM1dDQy4u\" data-type=\"URL\" data-id=\"https:\/\/forms.office.com\/Pages\/ResponsePage.aspx?id=luUd1aBFpUqg2EfRyViqMkaIWAGx-exPrvnTdlpB8BNUQVFQRFBMQVpKSk44UTdYWFpPTFNGM1dDQy4u\" target=\"_blank\" rel=\"noreferrer noopener\">nscr\u00edbase aqu\u00ed<\/a><\/p>\n\n\n\n<p>Si este momento es imposible para usted, cont\u00e1ctenos (<a href=\"mailto:gri@ese.ipp.pt\">gri@ese.ipp.pt<\/a>) y consideraremos otras posibilidades para recibirlo.&nbsp;Env\u00edenos un mensaje de correo electr\u00f3nico con el <a href=\"https:\/\/app.box.com\/s\/yt0h4cp4vd8fit4gr9fa16pqdc4zb5au\" target=\"_blank\" rel=\"noreferrer noopener\">Mobility Agreement Staff Mobility for Training&nbsp;<\/a>(propuesta) y le enviaremos una carta de invitaci\u00f3n.<\/p>\n\n\n\n<h2 class=\"wp-block-heading\">Acomodaci\u00f3n<\/h2>\n\n\n\n<figure class=\"wp-block-image size-large\"><img loading=\"lazy\" decoding=\"async\" width=\"300\" height=\"166\" src=\"https:\/\/gri.ese.ipp.pt\/wp-content\/uploads\/2020\/04\/image.png\" alt=\"pastedGraphic_2.png\" class=\"wp-image-1226\"\/><\/figure>\n\n\n\n<p>Tenemos una nueva asociaci\u00f3n con Uniplaces. Uniplaces es una plataforma de alojamiento para estudiantes y ofrece lugares en toda Europa, incluido Oporto. La mejor parte del proceso de reserva con Uniplaces es que no necesita dormir en la casa de un amigo mientras busca un lugar para usted. Uniplaces te permite reservar con anticipaci\u00f3n, incluso cuando todav\u00eda est\u00e1s en tu pa\u00eds de origen. Haga clic <a href=\"https:\/\/www.uniplaces.com\/d\/porto\/accommodation-near-ese\">aqu\u00ed<\/a> para reservar su habitaci\u00f3n y use nuestro C\u00f3digo de promoci\u00f3n: UP30ESE.<\/p>\n\n\n\n<h2 class=\"wp-block-heading\">Oporto, ciudad de OPORTunidades<\/h2>\n\n\n\n<p>Oporto es uno de los destinos tur\u00edsticos m\u00e1s antiguos de Europa que beneficia de una ubicaci\u00f3n geogr\u00e1fica privilegiada, complementada por una moderna red de transporte y comunicaciones. La riqueza de su patrimonio monumental y art\u00edstico, el vino de Oporto, las numerosas actividades de ocio que ofrece y sus atracciones culturales le invitan a visitar esta ciudad contempor\u00e1nea e inspiradora, conocida por su hospitalidad. Aprenda m\u00e1s <a href=\"https:\/\/visitporto.travel\/es-ES\/plan-your-trip-essential\" target=\"_blank\" rel=\"noreferrer noopener\">aqu\u00ed<\/a>!<\/p>\n\n\n<p><iframe loading=\"lazy\" title=\"Oportonity City  Porto city of opportunities   Porto cidade de oportunidades\" width=\"640\" height=\"360\" src=\"https:\/\/www.youtube.com\/embed\/Fu2TdvIjuhw?feature=oembed\" frameborder=\"0\" allow=\"accelerometer; autoplay; clipboard-write; encrypted-media; gyroscope; picture-in-picture; web-share\" referrerpolicy=\"strict-origin-when-cross-origin\" allowfullscreen><\/iframe><\/p>\n","protected":false},"excerpt":{"rendered":"<p>La Escuela Superior de Educaci\u00f3n del P.PORTO est\u00e1 muy interesada y es proactiva en el proceso de internacionalizaci\u00f3n. Ofrece una variedad de cursos de grado y posgrado, que incluyen maestr\u00edas y un doctorado en cooperaci\u00f3n con la Universidad de Santiago&hellip;<\/p>\n","protected":false},"author":2,"featured_media":0,"parent":0,"menu_order":0,"comment_status":"closed","ping_status":"closed","template":"","meta":{"footnotes":""},"class_list":["post-1225","page","type-page","status-publish","hentry"],"_links":{"self":[{"href":"https:\/\/gri.ese.ipp.pt\/index.php?rest_route=\/wp\/v2\/pages\/1225","targetHints":{"allow":["GET"]}}],"collection":[{"href":"https:\/\/gri.ese.ipp.pt\/index.php?rest_route=\/wp\/v2\/pages"}],"about":[{"href":"https:\/\/gri.ese.ipp.pt\/index.php?rest_route=\/wp\/v2\/types\/page"}],"author":[{"embeddable":true,"href":"https:\/\/gri.ese.ipp.pt\/index.php?rest_route=\/wp\/v2\/users\/2"}],"replies":[{"embeddable":true,"href":"https:\/\/gri.ese.ipp.pt\/index.php?rest_route=%2Fwp%2Fv2%2Fcomments&post=1225"}],"version-history":[{"count":7,"href":"https:\/\/gri.ese.ipp.pt\/index.php?rest_route=\/wp\/v2\/pages\/1225\/revisions"}],"predecessor-version":[{"id":2251,"href":"https:\/\/gri.ese.ipp.pt\/index.php?rest_route=\/wp\/v2\/pages\/1225\/revisions\/2251"}],"wp:attachment":[{"href":"https:\/\/gri.ese.ipp.pt\/index.php?rest_route=%2Fwp%2Fv2%2Fmedia&parent=1225"}],"curies":[{"name":"wp","href":"https:\/\/api.w.org\/{rel}","templated":true}]}}

<p>La <a href="https://www.ipp.pt/education/schools/ese">Escuela Superior de Educación</a> del <a href="https://youtu.be/NIrn0kO489k">P.PORTO</a> está muy interesada y es proactiva en el proceso de internacionalización. Ofrece una variedad de cursos de grado y posgrado, que incluyen maestrías y un doctorado en cooperación con la Universidad de Santiago de Compostela, en España.</p>



<p>Si usted es funcionario en una de nuestras instituciones asociadas y desea visitarnos, le sugerimos que planee hacerlo durante nuestro período de la <a href="http://inw.ese.ipp.pt">Conferencia InterNetWorking &#8211; Semana Intercultural (INW25)</a>: del 22 al 24 de abril de 2025.</p>



<figure class="wp-block-image"><img decoding="async" src="https://gri.ese.ipp.pt/wp-content/uploads/2018/07/int-300x119.png" alt="" class="wp-image-401"/></figure>



<p>P.PORTO &#8211; ESE se complace en invitarlo a participar en su Conferencia InterNetWorking &#8211; Semana Intercultural (INW25) que tendrá lugar del 22 al 24 de abril de 2025. Este evento se basa en:</p>



<ol class="wp-block-list">
<li>Conferencias y seminarios.</li>



<li>Sesiones de redes de investigación</li>



<li>Cursos de idiomas impartidos</li>



<li>Sesiones de formación para personal no docente.</li>



<li>Eventos sociales y culturales.</li>
</ol>



<p><a rel="noreferrer noopener" href="https://goo.gl/forms/DMC08pQ9MVNOXVFv2" target="_blank">I</a><a href="https://forms.office.com/Pages/ResponsePage.aspx?id=luUd1aBFpUqg2EfRyViqMkaIWAGx-exPrvnTdlpB8BNUQVFQRFBMQVpKSk44UTdYWFpPTFNGM1dDQy4u" data-type="URL" data-id="https://forms.office.com/Pages/ResponsePage.aspx?id=luUd1aBFpUqg2EfRyViqMkaIWAGx-exPrvnTdlpB8BNUQVFQRFBMQVpKSk44UTdYWFpPTFNGM1dDQy4u" target="_blank" rel="noreferrer noopener">nscríbase aquí</a></p>



<p>Si este momento es imposible para usted, contáctenos (<a href="mailto:gri@ese.ipp.pt">gri@ese.ipp.pt</a>) y consideraremos otras posibilidades para recibirlo.&nbsp;Envíenos un mensaje de correo electrónico con el <a href="https://app.box.com/s/yt0h4cp4vd8fit4gr9fa16pqdc4zb5au" target="_blank" rel="noreferrer noopener">Mobility Agreement Staff Mobility for Training&nbsp;</a>(propuesta) y le enviaremos una carta de invitación.</p>



<h2 class="wp-block-heading">Acomodación</h2>



<figure class="wp-block-image size-large"><img loading="lazy" decoding="async" width="300" height="166" src="https://gri.ese.ipp.pt/wp-content/uploads/2020/04/image.png" alt="pastedGraphic_2.png" class="wp-image-1226"/></figure>



<p>Tenemos una nueva asociación con Uniplaces. Uniplaces es una plataforma de alojamiento para estudiantes y ofrece lugares en toda Europa, incluido Oporto. La mejor parte del proceso de reserva con Uniplaces es que no necesita dormir en la casa de un amigo mientras busca un lugar para usted. Uniplaces te permite reservar con anticipación, incluso cuando todavía estás en tu país de origen. Haga clic <a href="https://www.uniplaces.com/d/porto/accommodation-near-ese">aquí</a> para reservar su habitación y use nuestro Código de promoción: UP30ESE.</p>



<h2 class="wp-block-heading">Oporto, ciudad de OPORTunidades</h2>



<p>Oporto es uno de los destinos turísticos más antiguos de Europa que beneficia de una ubicación geográfica privilegiada, complementada por una moderna red de transporte y comunicaciones. La riqueza de su patrimonio monumental y artístico, el vino de Oporto, las numerosas actividades de ocio que ofrece y sus atracciones culturales le invitan a visitar esta ciudad contemporánea e inspiradora, conocida por su hospitalidad. Aprenda más <a href="https://visitporto.travel/es-ES/plan-your-trip-essential" target="_blank" rel="noreferrer noopener">aquí</a>!</p>


<p><iframe loading="lazy" title="Oportonity City  Porto city of opportunities   Porto cidade de oportunidades" width="640" height="360" src="https://www.youtube.com/embed/Fu2TdvIjuhw?feature=oembed" frameborder="0" allow="accelerometer; autoplay; clipboard-write; encrypted-media; gyroscope; picture-in-picture; web-share" referrerpolicy="strict-origin-when-cross-origin" allowfullscreen></iframe></p>

<p>La Escuela Superior de Educación del P.PORTO está muy interesada y es proactiva en el proceso de internacionalización. Ofrece una variedad de cursos de grado y posgrado, que incluyen maestrías y un doctorado en cooperación con la Universidad de Santiago&hellip;</p>
