{"id":172,"date":"2018-06-04T08:08:34","date_gmt":"2018-06-04T08:08:34","guid":{"rendered":"http:\/\/gri.ese.ipp.pt\/?page_id=172"},"modified":"2026-04-29T17:24:09","modified_gmt":"2026-04-29T17:24:09","slug":"pessoal-nao-docente","status":"publish","type":"page","link":"https:\/\/gri.ese.ipp.pt\/?page_id=172","title":{"rendered":"Pessoal N\u00e3o Docente"},"content":{"rendered":"\n<h4 class=\"wp-block-heading\">Natureza e objetivos das miss\u00f5es de forma\u00e7\u00e3o<\/h4>\n\n\n\n<p>As miss\u00f5es de&nbsp;forma\u00e7\u00e3o destinam-se maioritariamente a pessoal n\u00e3o docente e visa a sua participa\u00e7\u00e3o em a\u00e7\u00f5es de forma\u00e7\u00e3o, permitindo a aquisi\u00e7\u00e3o de conhecimentos ou saberes especializados a partir de experi\u00eancias e boas pr\u00e1ticas em institui\u00e7\u00f5es no estrangeiro, com as quais a ESE tenha ou n\u00e3o assinado um Acordo Bilateral.<\/p>\n\n\n\n<p>A dura\u00e7\u00e3o deste tipo de mobilidade \u00e9 a acordada entre as duas institui\u00e7\u00f5es, mas nunca dever\u00e1 ser inferior a 2 dias de forma\u00e7\u00e3o. Poder-se-\u00e1 ainda considerar a participa\u00e7\u00e3o em semin\u00e1rios, confer\u00eancias, workshops, desde que n\u00e3o represente a maioria dos dias de forma\u00e7\u00e3o.<\/p>\n\n\n\n<p>A mobilidade docente tem como objetivos:<\/p>\n\n\n\n<ul class=\"wp-block-list\">\n<li>proporcionar uma oportunidade de valoriza\u00e7\u00e3o pessoal e profissional;<\/li>\n\n\n\n<li>refor\u00e7ar os la\u00e7os entre institui\u00e7\u00f5es de pa\u00edses diferentes;<\/li>\n\n\n\n<li>promover o interc\u00e2mbio de conhecimentos e de experi\u00eancia em m\u00e9todos pedag\u00f3gicos;<\/li>\n\n\n\n<li>incentivar&nbsp;a descoberta de outras realidades culturais e aprendizagem de outras l\u00ednguas;<\/li>\n\n\n\n<li>promover a criatividade, competitividade e empregabilidade.<\/li>\n<\/ul>\n\n\n\n<h4 class=\"wp-block-heading\">Processos de instru\u00e7\u00e3o da candidatura<\/h4>\n\n\n\n<p>O Coordenador do GRI fixa, por despacho, o edital de candidatura ao programa de mobilidade Erasmus+, que cont\u00e9m todas as informa\u00e7\u00f5es necess\u00e1rias \u00e0s diferentes fases do processo:<\/p>\n\n\n\n<p><a href=\"https:\/\/gri.ese.ipp.pt\/wp-content\/uploads\/2025\/04\/Edital_GRI_Mobilidade-ensino_formacao-2025-26_homologado.pdf\">Edital 2025-2026<\/a><\/p>\n\n\n\n<p><a href=\"https:\/\/gri.ese.ipp.pt\/wp-content\/uploads\/2025\/04\/Correcao-Edital-GRI_Mobilidade-Ensino-e-Formacao_homologado.pdf\">Corre\u00e7\u00e3o do Edital 2025-2026<\/a><\/p>\n\n\n\n<p><a href=\"https:\/\/gri.ese.ipp.pt\/wp-content\/uploads\/2026\/03\/Edital_GRI_Mobilidade-STA_STT-2026-27_homologado.pdf\">Edital 2026-2027<\/a><\/p>\n\n\n\n<p>Para apresentar uma candidatura, consulte a nossa lista de parceiros Erasmus+ e preencha o formul\u00e1rio. <\/p>\n\n\n\n<center><iframe loading=\"lazy\" width=\"700\" height=\"650\" src=\"https:\/\/lookerstudio.google.com\/embed\/reporting\/1dee8753-86c2-4f76-bf30-a2f24f0e0eca\/page\/7FTnD\" frameborder=\"0\" style=\"border:0\" allowfullscreen sandbox=\"allow-storage-access-by-user-activation allow-scripts allow-same-origin allow-popups allow-popups-to-escape-sandbox\"><\/iframe><\/center>\n\n\n\n<h4 class=\"wp-block-heading\">Lista de c\u00f3digos para as \u00e1reas de estudo Erasmus+<\/h4>\n\n\n\n<p><a href=\"https:\/\/gri.ese.ipp.pt\/wp-content\/uploads\/2023\/02\/International-Standard-Classification-of-Education-Lista-de-codigos.pdf\">International Standard Classification of Education \u2013 Lista de C\u00f3digos<\/a><\/p>\n\n\n\n<hr class=\"wp-block-separator has-alpha-channel-opacity\"\/>\n\n\n\n<h4 class=\"wp-block-heading\">Formul\u00e1rios de candidatura \u2013 Mobilidade de ensino e forma\u00e7\u00e3o<\/h4>\n\n\n\n<p><a href=\"https:\/\/forms.office.com\/e\/UczbQYsdwZ\">Formul\u00e1rio de candidatura &#8211; 2026-2027 &#8211; Mobilidade de forma\u00e7\u00e3o<\/a><\/p>\n\n\n\n<p>Nesta fase \u00e9 recomend\u00e1vel que o\/a candidato\/a apresente uma carta convite requerida \u00e0 institui\u00e7\u00e3o de acolhimento.<\/p>\n\n\n\n<p>A sele\u00e7\u00e3o e seria\u00e7\u00e3o&nbsp;dos\/as candidatos\/as tem por base os seguintes crit\u00e9rios:<\/p>\n\n\n\n<ul class=\"wp-block-list\">\n<li>o n\u00famero de fluxos de mobilidade do\/a candidato\/a,<\/li>\n\n\n\n<li>o tipo de v\u00ednculo contratual,<\/li>\n\n\n\n<li>as habilita\u00e7\u00f5es acad\u00e9micas,<\/li>\n\n\n\n<li>o envolvimento do\/a&nbsp;funcion\u00e1rio\/a em atividades de internacionaliza\u00e7\u00e3o (participa\u00e7\u00e3o em redes de investiga\u00e7\u00e3o, projetos de investiga\u00e7\u00e3o, na dinamiza\u00e7\u00e3o de semin\u00e1rios, confer\u00eancias e\/ou congressos de \u00edndole internacional).<\/li>\n<\/ul>\n\n\n\n<p>Os crit\u00e9rios definitivos e percentagens atribu\u00eddas a cada um dos crit\u00e9rios ser\u00e3o fixados em edital.<\/p>\n\n\n\n<h4 class=\"wp-block-heading\">Publica\u00e7\u00e3o de resultados<\/h4>\n\n\n\n<p>Findo o prazo de candidaturas, ser\u00e1 publicitada aqui a lista de candidatos seriados e selecionados:<\/p>\n\n\n\n<ul class=\"wp-block-list\">\n<li><a href=\"https:\/\/gri.ese.ipp.pt\/wp-content\/uploads\/2022\/02\/Resultados-Formacao.pdf\">Lista de candidatos seriados 2022-2023 \u2013 Resultados provis\u00f3rios<\/a><\/li>\n\n\n\n<li><a href=\"https:\/\/gri.ese.ipp.pt\/wp-content\/uploads\/2022\/02\/Resultados-Formacao_def.pdf\">Lista de candidatos seriados 2022-2023 \u2013 Resultados definitivos<\/a><\/li>\n\n\n\n<li><a href=\"https:\/\/ipppt-my.sharepoint.com\/:b:\/g\/personal\/gri_ese_ipp_pt\/EZPAM_q52DtFhe5CYAKC4bwBHRnhz67JBiL6uLyVS0Nneg?e=jL1z00\">Lista de candidatos seriados 2023-2024 &#8211; Resultados provis\u00f3rios<\/a><\/li>\n\n\n\n<li><a href=\"https:\/\/ipppt-my.sharepoint.com\/:b:\/g\/personal\/gri_ese_ipp_pt\/ERXe2oFV7thHtj5YmFxvAOoBUfC5n_j763kE3T6etSyBeA?e=TimZd4\">Lista de candidatos seriados 2023-2024 &#8211; Resultados definitivos<\/a><\/li>\n\n\n\n<li><a href=\"https:\/\/ipppt-my.sharepoint.com\/:b:\/g\/personal\/gri_ese_ipp_pt\/EbltzE_3wjBPs0Dx_jqlrwAB7ejYyM2jmBCEkwRuBH5IIw?e=RWF3Et\">Lista de candidatos seriados 2024-2025 &#8211; Resultados provis\u00f3rios<\/a><\/li>\n\n\n\n<li><a href=\"https:\/\/ipppt-my.sharepoint.com\/:b:\/g\/personal\/gri_ese_ipp_pt\/EY9k4oDPEgVAlC6VhOig0LAB9OagHyz1Vw1qvrRjF8vy1g?e=ljNWxC\">Lista de candidatos seriados 2024-2025 &#8211; Resultados definitivos<\/a><\/li>\n\n\n\n<li><a href=\"https:\/\/ipppt-my.sharepoint.com\/:b:\/g\/personal\/gri_ese_ipp_pt\/ERitHNrBpwpCh9Tj7PS1Z3QB0zx_iqUYk-0lD__s87goiQ?e=bvRnW3\">Lista de candidatos seriados 2025-2026 &#8211; Resultados provis\u00f3rios<\/a><\/li>\n\n\n\n<li><a href=\"https:\/\/ipppt-my.sharepoint.com\/:b:\/g\/personal\/gri_ese_ipp_pt\/EUAzaJDVDk5PjnrswvLC0J0BKHasNA6CKuQeJgTdzQB-BQ?e=m7huYl\">Lista de candidatos seriados 2025-2026 &#8211; Resultados definitivos<\/a><\/li>\n\n\n\n<li><a href=\"https:\/\/ipppt-my.sharepoint.com\/:b:\/r\/personal\/gri_ese_ipp_pt\/Documents\/Concursos%20mobilidade%20Erasmus+%20OUT%202026-2027\/Resultados_provisorios_Seria%C3%A7%C3%A3o%20STT%202026-27.pdf?csf=1&amp;web=1&amp;e=nEEPy1\">Lista de candidatos seriados 2026-2027 &#8211; Resultados provis\u00f3rios<\/a><\/li>\n\n\n\n<li><a href=\"https:\/\/ipppt-my.sharepoint.com\/:b:\/r\/personal\/gri_ese_ipp_pt\/Documents\/Concursos%20mobilidade%20Erasmus+%20OUT%202026-2027\/Resultados_definitivos_Seria%C3%A7%C3%A3o%20STT%202026-27.pdf?csf=1&amp;web=1&amp;e=JuhVJb\">Lista de candidatos seriados 2026-2027 &#8211; Resultados definitivos<\/a><\/li>\n<\/ul>\n\n\n\n<h4 class=\"wp-block-heading\">Processo de mobilidade<\/h4>\n\n\n\n<h5 class=\"wp-block-heading\"><em>Antes da mobilidade<\/em><\/h5>\n\n\n\n<p>Na comunica\u00e7\u00e3o da sele\u00e7\u00e3o o\/a candidato\/a dever\u00e1 entregar os seguintes documentos:<\/p>\n\n\n\n<ul class=\"wp-block-list\">\n<li>Acordo de Mobilidade para Forma\u00e7\u00e3o (<a href=\"https:\/\/gri.ese.ipp.pt\/wp-content\/uploads\/2023\/07\/Mobility-agreement-for-training.docx\">Mobility agreement for training<\/a>)<\/li>\n\n\n\n<li>Proposta de miss\u00e3o (a preencher na plataforma <a href=\"https:\/\/domus.ipp.pt\/home\/default.aspx\">Domus<\/a>)<\/li>\n<\/ul>\n\n\n\n<h5 class=\"wp-block-heading\"><em>Depois da mobilidade<\/em><\/h5>\n\n\n\n<p>Findo o interc\u00e2mbio, o\/a&nbsp;funcion\u00e1rio\/a deve apresentar-se no GRI logo que poss\u00edvel e entregar a documenta\u00e7\u00e3o definida antes da partida, nomeadamente:<\/p>\n\n\n\n<ul class=\"wp-block-list\">\n<li><a href=\"https:\/\/gri.ese.ipp.pt\/wp-content\/uploads\/2019\/05\/modelo_funcionarios.doc\">Certificado de mobilidade<\/a><\/li>\n\n\n\n<li>Comprovativos de viagem (<em>boarding passes<\/em> e outros, ou <a href=\"https:\/\/gri.ese.ipp.pt\/wp-content\/uploads\/2023\/10\/Declaracao-viatura-propria_rev.docx\">declara\u00e7\u00e3o de desloca\u00e7\u00e3o em viatura pr\u00f3pria<\/a>)<\/li>\n<\/ul>\n\n\n\n<p>Tamb\u00e9m deve assegurar o bom&nbsp;preenchimento do relat\u00f3rio de mobilidade.<\/p>\n","protected":false},"excerpt":{"rendered":"<p>Natureza e objetivos das miss\u00f5es de forma\u00e7\u00e3o As miss\u00f5es de&nbsp;forma\u00e7\u00e3o destinam-se maioritariamente a pessoal n\u00e3o docente e visa a sua participa\u00e7\u00e3o em a\u00e7\u00f5es de forma\u00e7\u00e3o, permitindo a aquisi\u00e7\u00e3o de conhecimentos ou saberes especializados a partir de experi\u00eancias e boas pr\u00e1ticas&hellip;<\/p>\n","protected":false},"author":2,"featured_media":0,"parent":0,"menu_order":0,"comment_status":"closed","ping_status":"closed","template":"","meta":{"footnotes":""},"class_list":["post-172","page","type-page","status-publish","hentry"],"_links":{"self":[{"href":"https:\/\/gri.ese.ipp.pt\/index.php?rest_route=\/wp\/v2\/pages\/172","targetHints":{"allow":["GET"]}}],"collection":[{"href":"https:\/\/gri.ese.ipp.pt\/index.php?rest_route=\/wp\/v2\/pages"}],"about":[{"href":"https:\/\/gri.ese.ipp.pt\/index.php?rest_route=\/wp\/v2\/types\/page"}],"author":[{"embeddable":true,"href":"https:\/\/gri.ese.ipp.pt\/index.php?rest_route=\/wp\/v2\/users\/2"}],"replies":[{"embeddable":true,"href":"https:\/\/gri.ese.ipp.pt\/index.php?rest_route=%2Fwp%2Fv2%2Fcomments&post=172"}],"version-history":[{"count":89,"href":"https:\/\/gri.ese.ipp.pt\/index.php?rest_route=\/wp\/v2\/pages\/172\/revisions"}],"predecessor-version":[{"id":2316,"href":"https:\/\/gri.ese.ipp.pt\/index.php?rest_route=\/wp\/v2\/pages\/172\/revisions\/2316"}],"wp:attachment":[{"href":"https:\/\/gri.ese.ipp.pt\/index.php?rest_route=%2Fwp%2Fv2%2Fmedia&parent=172"}],"curies":[{"name":"wp","href":"https:\/\/api.w.org\/{rel}","templated":true}]}}

Pessoal Não Docente

<h4 class="wp-block-heading">Natureza e objetivos das missões de formação</h4>



<p>As missões de&nbsp;formação destinam-se maioritariamente a pessoal não docente e visa a sua participação em ações de formação, permitindo a aquisição de conhecimentos ou saberes especializados a partir de experiências e boas práticas em instituições no estrangeiro, com as quais a ESE tenha ou não assinado um Acordo Bilateral.</p>



<p>A duração deste tipo de mobilidade é a acordada entre as duas instituições, mas nunca deverá ser inferior a 2 dias de formação. Poder-se-á ainda considerar a participação em seminários, conferências, workshops, desde que não represente a maioria dos dias de formação.</p>



<p>A mobilidade docente tem como objetivos:</p>



<ul class="wp-block-list">
<li>proporcionar uma oportunidade de valorização pessoal e profissional;</li>



<li>reforçar os laços entre instituições de países diferentes;</li>



<li>promover o intercâmbio de conhecimentos e de experiência em métodos pedagógicos;</li>



<li>incentivar&nbsp;a descoberta de outras realidades culturais e aprendizagem de outras línguas;</li>



<li>promover a criatividade, competitividade e empregabilidade.</li>
</ul>



<h4 class="wp-block-heading">Processos de instrução da candidatura</h4>



<p>O Coordenador do GRI fixa, por despacho, o edital de candidatura ao programa de mobilidade Erasmus+, que contém todas as informações necessárias às diferentes fases do processo:</p>



<p><a href="https://gri.ese.ipp.pt/wp-content/uploads/2025/04/Edital_GRI_Mobilidade-ensino_formacao-2025-26_homologado.pdf">Edital 2025-2026</a></p>



<p><a href="https://gri.ese.ipp.pt/wp-content/uploads/2025/04/Correcao-Edital-GRI_Mobilidade-Ensino-e-Formacao_homologado.pdf">Correção do Edital 2025-2026</a></p>



<p><a href="https://gri.ese.ipp.pt/wp-content/uploads/2026/03/Edital_GRI_Mobilidade-STA_STT-2026-27_homologado.pdf">Edital 2026-2027</a></p>



<p>Para apresentar uma candidatura, consulte a nossa lista de parceiros Erasmus+ e preencha o formulário. </p>



<center><iframe loading="lazy" width="700" height="650" src="https://lookerstudio.google.com/embed/reporting/1dee8753-86c2-4f76-bf30-a2f24f0e0eca/page/7FTnD" frameborder="0" style="border:0" allowfullscreen sandbox="allow-storage-access-by-user-activation allow-scripts allow-same-origin allow-popups allow-popups-to-escape-sandbox"></iframe></center>



<h4 class="wp-block-heading">Lista de códigos para as áreas de estudo Erasmus+</h4>



<p><a href="https://gri.ese.ipp.pt/wp-content/uploads/2023/02/International-Standard-Classification-of-Education-Lista-de-codigos.pdf">International Standard Classification of Education – Lista de Códigos</a></p>



<hr class="wp-block-separator has-alpha-channel-opacity"/>



<h4 class="wp-block-heading">Formulários de candidatura – Mobilidade de ensino e formação</h4>



<p><a href="https://forms.office.com/e/UczbQYsdwZ">Formulário de candidatura &#8211; 2026-2027 &#8211; Mobilidade de formação</a></p>



<p>Nesta fase é recomendável que o/a candidato/a apresente uma carta convite requerida à instituição de acolhimento.</p>



<p>A seleção e seriação&nbsp;dos/as candidatos/as tem por base os seguintes critérios:</p>



<ul class="wp-block-list">
<li>o número de fluxos de mobilidade do/a candidato/a,</li>



<li>o tipo de vínculo contratual,</li>



<li>as habilitações académicas,</li>



<li>o envolvimento do/a&nbsp;funcionário/a em atividades de internacionalização (participação em redes de investigação, projetos de investigação, na dinamização de seminários, conferências e/ou congressos de índole internacional).</li>
</ul>



<p>Os critérios definitivos e percentagens atribuídas a cada um dos critérios serão fixados em edital.</p>



<h4 class="wp-block-heading">Publicação de resultados</h4>



<p>Findo o prazo de candidaturas, será publicitada aqui a lista de candidatos seriados e selecionados:</p>



<ul class="wp-block-list">
<li><a href="https://gri.ese.ipp.pt/wp-content/uploads/2022/02/Resultados-Formacao.pdf">Lista de candidatos seriados 2022-2023 – Resultados provisórios</a></li>



<li><a href="https://gri.ese.ipp.pt/wp-content/uploads/2022/02/Resultados-Formacao_def.pdf">Lista de candidatos seriados 2022-2023 – Resultados definitivos</a></li>



<li><a href="https://ipppt-my.sharepoint.com/:b:/g/personal/gri_ese_ipp_pt/EZPAM_q52DtFhe5CYAKC4bwBHRnhz67JBiL6uLyVS0Nneg?e=jL1z00">Lista de candidatos seriados 2023-2024 &#8211; Resultados provisórios</a></li>



<li><a href="https://ipppt-my.sharepoint.com/:b:/g/personal/gri_ese_ipp_pt/ERXe2oFV7thHtj5YmFxvAOoBUfC5n_j763kE3T6etSyBeA?e=TimZd4">Lista de candidatos seriados 2023-2024 &#8211; Resultados definitivos</a></li>



<li><a href="https://ipppt-my.sharepoint.com/:b:/g/personal/gri_ese_ipp_pt/EbltzE_3wjBPs0Dx_jqlrwAB7ejYyM2jmBCEkwRuBH5IIw?e=RWF3Et">Lista de candidatos seriados 2024-2025 &#8211; Resultados provisórios</a></li>



<li><a href="https://ipppt-my.sharepoint.com/:b:/g/personal/gri_ese_ipp_pt/EY9k4oDPEgVAlC6VhOig0LAB9OagHyz1Vw1qvrRjF8vy1g?e=ljNWxC">Lista de candidatos seriados 2024-2025 &#8211; Resultados definitivos</a></li>



<li><a href="https://ipppt-my.sharepoint.com/:b:/g/personal/gri_ese_ipp_pt/ERitHNrBpwpCh9Tj7PS1Z3QB0zx_iqUYk-0lD__s87goiQ?e=bvRnW3">Lista de candidatos seriados 2025-2026 &#8211; Resultados provisórios</a></li>



<li><a href="https://ipppt-my.sharepoint.com/:b:/g/personal/gri_ese_ipp_pt/EUAzaJDVDk5PjnrswvLC0J0BKHasNA6CKuQeJgTdzQB-BQ?e=m7huYl">Lista de candidatos seriados 2025-2026 &#8211; Resultados definitivos</a></li>



<li><a href="https://ipppt-my.sharepoint.com/:b:/r/personal/gri_ese_ipp_pt/Documents/Concursos%20mobilidade%20Erasmus+%20OUT%202026-2027/Resultados_provisorios_Seria%C3%A7%C3%A3o%20STT%202026-27.pdf?csf=1&amp;web=1&amp;e=nEEPy1">Lista de candidatos seriados 2026-2027 &#8211; Resultados provisórios</a></li>



<li><a href="https://ipppt-my.sharepoint.com/:b:/r/personal/gri_ese_ipp_pt/Documents/Concursos%20mobilidade%20Erasmus+%20OUT%202026-2027/Resultados_definitivos_Seria%C3%A7%C3%A3o%20STT%202026-27.pdf?csf=1&amp;web=1&amp;e=JuhVJb">Lista de candidatos seriados 2026-2027 &#8211; Resultados definitivos</a></li>
</ul>



<h4 class="wp-block-heading">Processo de mobilidade</h4>



<h5 class="wp-block-heading"><em>Antes da mobilidade</em></h5>



<p>Na comunicação da seleção o/a candidato/a deverá entregar os seguintes documentos:</p>



<ul class="wp-block-list">
<li>Acordo de Mobilidade para Formação (<a href="https://gri.ese.ipp.pt/wp-content/uploads/2023/07/Mobility-agreement-for-training.docx">Mobility agreement for training</a>)</li>



<li>Proposta de missão (a preencher na plataforma <a href="https://domus.ipp.pt/home/default.aspx">Domus</a>)</li>
</ul>



<h5 class="wp-block-heading"><em>Depois da mobilidade</em></h5>



<p>Findo o intercâmbio, o/a&nbsp;funcionário/a deve apresentar-se no GRI logo que possível e entregar a documentação definida antes da partida, nomeadamente:</p>



<ul class="wp-block-list">
<li><a href="https://gri.ese.ipp.pt/wp-content/uploads/2019/05/modelo_funcionarios.doc">Certificado de mobilidade</a></li>



<li>Comprovativos de viagem (<em>boarding passes</em> e outros, ou <a href="https://gri.ese.ipp.pt/wp-content/uploads/2023/10/Declaracao-viatura-propria_rev.docx">declaração de deslocação em viatura própria</a>)</li>
</ul>



<p>Também deve assegurar o bom&nbsp;preenchimento do relatório de mobilidade.</p>

<p>Natureza e objetivos das missões de formação As missões de&nbsp;formação destinam-se maioritariamente a pessoal não docente e visa a sua participação em ações de formação, permitindo a aquisição de conhecimentos ou saberes especializados a partir de experiências e boas práticas&hellip;</p>
