{"id":19,"date":"2018-06-01T16:46:03","date_gmt":"2018-06-01T16:46:03","guid":{"rendered":"http:\/\/gri.ese.ipp.pt\/?page_id=19"},"modified":"2021-09-08T12:11:29","modified_gmt":"2021-09-08T12:11:29","slug":"apresentacao","status":"publish","type":"page","link":"https:\/\/gri.ese.ipp.pt\/?page_id=19","title":{"rendered":"Apresenta\u00e7\u00e3o"},"content":{"rendered":"<h3><\/h3>\n<h3><\/h3>\n<h3>O Gabinete de Rela\u00e7\u00f5es Internacionais e sua miss\u00e3o<\/h3>\n<p><span class=\"text\">\u00c9 objetivo do Gabinete de Rela\u00e7\u00f5es Internacionais (GRI)\u00a0da\u00a0Escola Superior de Educa\u00e7\u00e3o (ESE) do Polit\u00e9cnico do Porto incentivar e promover oportunidades de candidatura a programas de mobilidade, nomeadamente no \u00e2mbito do programa Erasmus+, e a programas de coopera\u00e7\u00e3o com pa\u00edses da Am\u00e9rica Latina, como uma das formas de internacionaliza\u00e7\u00e3o dos seus estudantes, corpo docente e pessoal n\u00e3o docente, proporcionando-lhes a concretiza\u00e7\u00e3o de experi\u00eancias profissionais, interculturais e lingu\u00edsticas que contribuem para o seu enriquecimento enquanto cidad\u00e3os do mundo.<br \/>\n<\/span><\/p>\n<h3>O regulamento<\/h3>\n<p>Na sequ\u00eancia da necessidade de regulamentar os processos de mobilidade de estudantes, pessoal docente e n\u00e3o docente da ESE, de forma a refor\u00e7ar a transpar\u00eancia nos processos de consecu\u00e7\u00e3o do programa de mobilidade Erasmus+ e de outros programas presentes nos regulamentos gerais de mobilidade internacional do Polit\u00e9cnico do Porto, surge o presente regulamento.<\/p>\n<p><a href=\"https:\/\/gri.ese.ipp.pt\/wp-content\/uploads\/2021\/09\/Despacho-ESE-PR-033-2021-REGULAMENTO-APLICAVEL-A-ESTUDANTES-PESSOAL-....pdf\">Descarregar Regulamento<\/a><\/p>\n","protected":false},"excerpt":{"rendered":"<p>O Gabinete de Rela\u00e7\u00f5es Internacionais e sua miss\u00e3o \u00c9 objetivo do Gabinete de Rela\u00e7\u00f5es Internacionais (GRI)\u00a0da\u00a0Escola Superior de Educa\u00e7\u00e3o (ESE) do Polit\u00e9cnico do Porto incentivar e promover oportunidades de candidatura a programas de mobilidade, nomeadamente no \u00e2mbito do programa Erasmus+,&hellip;<\/p>\n","protected":false},"author":2,"featured_media":0,"parent":0,"menu_order":0,"comment_status":"closed","ping_status":"closed","template":"","meta":{"footnotes":""},"class_list":["post-19","page","type-page","status-publish","hentry"],"_links":{"self":[{"href":"https:\/\/gri.ese.ipp.pt\/index.php?rest_route=\/wp\/v2\/pages\/19","targetHints":{"allow":["GET"]}}],"collection":[{"href":"https:\/\/gri.ese.ipp.pt\/index.php?rest_route=\/wp\/v2\/pages"}],"about":[{"href":"https:\/\/gri.ese.ipp.pt\/index.php?rest_route=\/wp\/v2\/types\/page"}],"author":[{"embeddable":true,"href":"https:\/\/gri.ese.ipp.pt\/index.php?rest_route=\/wp\/v2\/users\/2"}],"replies":[{"embeddable":true,"href":"https:\/\/gri.ese.ipp.pt\/index.php?rest_route=%2Fwp%2Fv2%2Fcomments&post=19"}],"version-history":[{"count":13,"href":"https:\/\/gri.ese.ipp.pt\/index.php?rest_route=\/wp\/v2\/pages\/19\/revisions"}],"predecessor-version":[{"id":1638,"href":"https:\/\/gri.ese.ipp.pt\/index.php?rest_route=\/wp\/v2\/pages\/19\/revisions\/1638"}],"wp:attachment":[{"href":"https:\/\/gri.ese.ipp.pt\/index.php?rest_route=%2Fwp%2Fv2%2Fmedia&parent=19"}],"curies":[{"name":"wp","href":"https:\/\/api.w.org\/{rel}","templated":true}]}}

Apresentação

<h3></h3>
<h3></h3>
<h3>O Gabinete de Relações Internacionais e sua missão</h3>
<p><span class="text">É objetivo do Gabinete de Relações Internacionais (GRI) da Escola Superior de Educação (ESE) do Politécnico do Porto incentivar e promover oportunidades de candidatura a programas de mobilidade, nomeadamente no âmbito do programa Erasmus+, e a programas de cooperação com países da América Latina, como uma das formas de internacionalização dos seus estudantes, corpo docente e pessoal não docente, proporcionando-lhes a concretização de experiências profissionais, interculturais e linguísticas que contribuem para o seu enriquecimento enquanto cidadãos do mundo.<br />
</span></p>
<h3>O regulamento</h3>
<p>Na sequência da necessidade de regulamentar os processos de mobilidade de estudantes, pessoal docente e não docente da ESE, de forma a reforçar a transparência nos processos de consecução do programa de mobilidade Erasmus+ e de outros programas presentes nos regulamentos gerais de mobilidade internacional do Politécnico do Porto, surge o presente regulamento.</p>
<p><a href="https://gri.ese.ipp.pt/wp-content/uploads/2021/09/Despacho-ESE-PR-033-2021-REGULAMENTO-APLICAVEL-A-ESTUDANTES-PESSOAL-....pdf">Descarregar Regulamento</a></p>

<p>O Gabinete de Relações Internacionais e sua missão É objetivo do Gabinete de Relações Internacionais (GRI) da Escola Superior de Educação (ESE) do Politécnico do Porto incentivar e promover oportunidades de candidatura a programas de mobilidade, nomeadamente no âmbito do programa Erasmus+,&hellip;</p>
