{"id":95,"date":"2018-06-01T18:40:47","date_gmt":"2018-06-01T18:40:47","guid":{"rendered":"http:\/\/gri.ese.ipp.pt\/?page_id=95"},"modified":"2018-10-25T15:12:01","modified_gmt":"2018-10-25T15:12:01","slug":"iacobus","status":"publish","type":"page","link":"https:\/\/gri.ese.ipp.pt\/?page_id=95","title":{"rendered":"IACOBUS"},"content":{"rendered":"<p>&nbsp;<\/p>\n<p><span class=\"text\"><img loading=\"lazy\" decoding=\"async\" class=\"alignnone wp-image-487\" src=\"https:\/\/gri.ese.ipp.pt\/wp-content\/uploads\/2018\/07\/logo_iacobus_2-300x134.png\" alt=\"\" width=\"385\" height=\"172\" srcset=\"https:\/\/gri.ese.ipp.pt\/wp-content\/uploads\/2018\/07\/logo_iacobus_2-300x134.png 300w, https:\/\/gri.ese.ipp.pt\/wp-content\/uploads\/2018\/07\/logo_iacobus_2-768x342.png 768w, https:\/\/gri.ese.ipp.pt\/wp-content\/uploads\/2018\/07\/logo_iacobus_2.png 1010w\" sizes=\"auto, (max-width: 385px) 100vw, 385px\" \/><\/span><\/p>\n<p><span class=\"text\">O Programa IACOBUS \u00e9 um programa de coopera\u00e7\u00e3o cultural, cient\u00edfica e pedag\u00f3gica que surge com o objetivo de dar mais um passo na configura\u00e7\u00e3o de um aut\u00eantico espa\u00e7o de integra\u00e7\u00e3o interregional entre as Universidades e outras institui\u00e7\u00f5es de Ensino Superior da Euroregi\u00e3o Galicia &#8211; Norte de Portugal, desenvolvendo um sistema de interc\u00e2mbio transfronteiri\u00e7o de professores, investigadores e pessoal administrativo e de servi\u00e7os. <\/span><\/p>\n<p><span class=\"text\">A institui\u00e7\u00e3o gestora do Programa \u00e9 o Agrupamento Europeu de Coopera\u00e7\u00e3o Territorial Galicia &#8211; Norte de Portugal (GNP-AECT). O Regulamento do programa, bem como a listagem das Universidades ou Institui\u00e7\u00f5es de Ensino Superior parceiras est\u00e1 dispon\u00edvel <a href=\"http:\/\/iacobus.gnpaect.eu\/pt\" target=\"_blank\" rel=\"noopener\">aqui<\/a>.<br \/>\nPodem participar neste Programa:<\/span><\/p>\n<p>&nbsp;<\/p>\n<ul>\n<li>Pessoal docente e investigador;<\/li>\n<li>Investigadores pr\u00e9-doutorais ou p\u00f3s-doutorais com um v\u00ednculo em vigor de investiga\u00e7\u00e3o com uma Universidade ou uma Institui\u00e7\u00e3o de Ensino Superior;<\/li>\n<li>Pessoal administrativo e de servi\u00e7os.<\/li>\n<\/ul>\n<p><span class=\"text\">Os participantes devem ter contrato \/ v\u00ednculo de investiga\u00e7\u00e3o em vigor durante o per\u00edodo de realiza\u00e7\u00e3o do interc\u00e2mbio, assim como estar em condi\u00e7\u00f5es de poder trabalhar no pa\u00eds para o qual solicita a estadia. <\/span><\/p>\n","protected":false},"excerpt":{"rendered":"<p>&nbsp; O Programa IACOBUS \u00e9 um programa de coopera\u00e7\u00e3o cultural, cient\u00edfica e pedag\u00f3gica que surge com o objetivo de dar mais um passo na configura\u00e7\u00e3o de um aut\u00eantico espa\u00e7o de integra\u00e7\u00e3o interregional entre as Universidades e outras institui\u00e7\u00f5es de Ensino&hellip;<\/p>\n","protected":false},"author":2,"featured_media":0,"parent":0,"menu_order":0,"comment_status":"closed","ping_status":"closed","template":"","meta":{"footnotes":""},"class_list":["post-95","page","type-page","status-publish","hentry"],"_links":{"self":[{"href":"https:\/\/gri.ese.ipp.pt\/index.php?rest_route=\/wp\/v2\/pages\/95","targetHints":{"allow":["GET"]}}],"collection":[{"href":"https:\/\/gri.ese.ipp.pt\/index.php?rest_route=\/wp\/v2\/pages"}],"about":[{"href":"https:\/\/gri.ese.ipp.pt\/index.php?rest_route=\/wp\/v2\/types\/page"}],"author":[{"embeddable":true,"href":"https:\/\/gri.ese.ipp.pt\/index.php?rest_route=\/wp\/v2\/users\/2"}],"replies":[{"embeddable":true,"href":"https:\/\/gri.ese.ipp.pt\/index.php?rest_route=%2Fwp%2Fv2%2Fcomments&post=95"}],"version-history":[{"count":3,"href":"https:\/\/gri.ese.ipp.pt\/index.php?rest_route=\/wp\/v2\/pages\/95\/revisions"}],"predecessor-version":[{"id":740,"href":"https:\/\/gri.ese.ipp.pt\/index.php?rest_route=\/wp\/v2\/pages\/95\/revisions\/740"}],"wp:attachment":[{"href":"https:\/\/gri.ese.ipp.pt\/index.php?rest_route=%2Fwp%2Fv2%2Fmedia&parent=95"}],"curies":[{"name":"wp","href":"https:\/\/api.w.org\/{rel}","templated":true}]}}