{"id":97,"date":"2018-06-01T18:40:47","date_gmt":"2018-06-01T18:40:47","guid":{"rendered":"http:\/\/gri.ese.ipp.pt\/?page_id=97"},"modified":"2025-11-27T13:10:47","modified_gmt":"2025-11-27T13:10:47","slug":"cooperacao-com-instituicoes-brasileiras","status":"publish","type":"page","link":"https:\/\/gri.ese.ipp.pt\/?page_id=97","title":{"rendered":"Coopera\u00e7\u00e3o com institui\u00e7\u00f5es de ensino superior latinoamericanas"},"content":{"rendered":"<p><span class=\"text\">O\u00a0P.PORTO <\/span>celebrou Protocolos de Coopera\u00e7\u00e3o com algumas universidades brasileiras, podendo os estudantes efetuar uma mobilidade com a dura\u00e7\u00e3o de um semestre ou um ano letivo, mediante aprova\u00e7\u00e3o de ambas as institui\u00e7\u00f5es.<\/p>\n<p>Os estudantes devem informar-se junto do Gabinete de Rela\u00e7\u00f5es Internacionais sobre o processo de candidatura.<\/p>\n<p>Poder\u00e1 ser equacionada a atribui\u00e7\u00e3o de apoio financeiro para os alunos que efetuem mobilidade ao abrigo destes Protocolos de Coopera\u00e7\u00e3o.<\/p>\n<h1><span style=\"color: #0000ff;\">Estudantes visitantes<\/span><\/h1>\n<h2><strong>Planos de estudos<\/strong><\/h2>\n<p><strong>Licenciaturas<\/strong><\/p>\n<p><a href=\"https:\/\/www.ese.ipp.pt\/cursos\/licenciatura\">Consulte aqui<\/a><\/p>\n<p><strong>Mestrados<\/strong><\/p>\n<p><a href=\"https:\/\/www.ese.ipp.pt\/cursos\/mestrado\">Consulte aqui<\/a><\/p>\n<h2><strong>Calend\u00e1rio acad\u00e9mico<\/strong><\/h2>\n<p><a href=\"https:\/\/www.ese.ipp.pt\/estudantes\/horarios-calendarios\/CEscolar2223_signed.pdf\" target=\"_blank\" rel=\"noopener noreferrer\">Consulte aqui<\/a><\/p>\n<h2><strong>Candidaturas<\/strong><\/h2>\n<p>O prazo para submeter a candidatura para o primeiro semestre (outubro &#8211; fevereiro) \u00e9 at\u00e9 ao dia <strong>1 de junho do ano acad\u00e9mico anterior<\/strong> e para o segundo semestre (fevereiro &#8211; julho) \u00e9 at\u00e9 ao dia <strong>15 de novembro do ano acad\u00e9mico corrente<\/strong>. Por favor aceda ao nosso website\u00a0<a href=\"http:\/\/ese.ipp.pt\/cursos\" target=\"_blank\" rel=\"noopener noreferrer\">https:\/\/ese.ipp.pt\/cursos<\/a>, onde pode encontrar mais informa\u00e7\u00f5es\u00a0sobre a oferta educativa da Escola Superior de Educa\u00e7\u00e3o.<\/p>\n<p>Num primeiro momento,\u00a0dever\u00e1 enviar\u00a0uma lista de\u00a0unidades curriculares\u00a0que gostaria de\u00a0frequentar na ESE.\u00a0Esta ser\u00e1 enviada ao seu futuro professor-tutor, aqui no Porto, para que ele possa confirmar se o plano de estudos\u00a0est\u00e1 em conformidade\u00a0e sugerir algumas alternativas, se necess\u00e1rio. Ter\u00e1 o direito de alterar o\u00a0seu plano de estudos ap\u00f3s a sua chegada \u00e0 Escola Superior de Educa\u00e7\u00e3o<\/p>\n<p>Num segundo momento,\u00a0ser\u00e1 enviada uma carta de aceita\u00e7\u00e3o oficial e um pedido de envio dos documentos seguintes:<\/p>\n<ul>\n<li><a href=\"https:\/\/gri.ese.ipp.pt\/wp-content\/uploads\/2018\/10\/Application-form.doc\">Formul\u00e1rio de candidatura<\/a><\/li>\n<li><a href=\"https:\/\/gri.ese.ipp.pt\/wp-content\/uploads\/2018\/10\/contrato-de-estudos.doc\" target=\"_blank\" rel=\"noopener noreferrer\">Formul\u00e1rio do contrato de estudos<\/a><\/li>\n<li>Hist\u00f3rico\u00a0acad\u00e9mico oficial carimbado pela institui\u00e7\u00e3o ou sec\u00e7\u00e3o de ensino<\/li>\n<li>C\u00f3pia da p\u00e1gina de identifica\u00e7\u00e3o do passaporte<\/li>\n<\/ul>\n<p><span class=\"text\">Estes documentos dever\u00e3o ser enviados para\u00a0gri@ese.ipp.pt. <\/span><\/p>\n<h2><strong>Alojamento<\/strong><\/h2>\n<p><img loading=\"lazy\" decoding=\"async\" class=\"wp-image-710 alignnone\" src=\"https:\/\/gri.ese.ipp.pt\/wp-content\/uploads\/2018\/09\/uni-300x166.png\" alt=\"\" width=\"215\" height=\"119\" srcset=\"https:\/\/gri.ese.ipp.pt\/wp-content\/uploads\/2018\/09\/uni-300x166.png 300w, https:\/\/gri.ese.ipp.pt\/wp-content\/uploads\/2018\/09\/uni.png 302w\" sizes=\"auto, (max-width: 215px) 100vw, 215px\" \/><\/p>\n<p><img loading=\"lazy\" decoding=\"async\" class=\"wp-image-1801 alignnone\" src=\"https:\/\/gri.ese.ipp.pt\/wp-content\/uploads\/2022\/10\/uniplaces_logo_residences_rgb_white_red-1.png\" alt=\"\" width=\"319\" height=\"52\" \/><\/p>\n<p>Recomendamos tirar o partido da nossa parceria com a Uniplaces. A Uniplaces \u00e9 um servi\u00e7o inovador para estudantes\u00a0 que oferece uma nova e fresca abordagem no arrendamento online de casas para estudantes. \u00c9 r\u00e1pido, seguro, e d\u00e1-lhe acesso a diversas de propriedades de confian\u00e7a na cidade do Porto. Aceda <a href=\"https:\/\/www.uniplaces.com\/d\/porto\/accommodation-near-ese\" target=\"_blank\" rel=\"noopener noreferrer\">aqui<\/a> para reservar um quarto ou <a href=\"https:\/\/www.uniplaces.com\/residences\">aqui<\/a> para ver as ofertas nas resid\u00eancias para estudantes usando o c\u00f3digo promocional: <strong>UP30ESE<\/strong> para obter um desconto.<\/p>\n","protected":false},"excerpt":{"rendered":"<p>O\u00a0P.PORTO celebrou Protocolos de Coopera\u00e7\u00e3o com algumas universidades brasileiras, podendo os estudantes efetuar uma mobilidade com a dura\u00e7\u00e3o de um semestre ou um ano letivo, mediante aprova\u00e7\u00e3o de ambas as institui\u00e7\u00f5es. Os estudantes devem informar-se junto do Gabinete de Rela\u00e7\u00f5es&hellip;<\/p>\n","protected":false},"author":2,"featured_media":0,"parent":0,"menu_order":0,"comment_status":"closed","ping_status":"closed","template":"","meta":{"footnotes":""},"class_list":["post-97","page","type-page","status-publish","hentry"],"_links":{"self":[{"href":"https:\/\/gri.ese.ipp.pt\/index.php?rest_route=\/wp\/v2\/pages\/97","targetHints":{"allow":["GET"]}}],"collection":[{"href":"https:\/\/gri.ese.ipp.pt\/index.php?rest_route=\/wp\/v2\/pages"}],"about":[{"href":"https:\/\/gri.ese.ipp.pt\/index.php?rest_route=\/wp\/v2\/types\/page"}],"author":[{"embeddable":true,"href":"https:\/\/gri.ese.ipp.pt\/index.php?rest_route=\/wp\/v2\/users\/2"}],"replies":[{"embeddable":true,"href":"https:\/\/gri.ese.ipp.pt\/index.php?rest_route=%2Fwp%2Fv2%2Fcomments&post=97"}],"version-history":[{"count":21,"href":"https:\/\/gri.ese.ipp.pt\/index.php?rest_route=\/wp\/v2\/pages\/97\/revisions"}],"predecessor-version":[{"id":2243,"href":"https:\/\/gri.ese.ipp.pt\/index.php?rest_route=\/wp\/v2\/pages\/97\/revisions\/2243"}],"wp:attachment":[{"href":"https:\/\/gri.ese.ipp.pt\/index.php?rest_route=%2Fwp%2Fv2%2Fmedia&parent=97"}],"curies":[{"name":"wp","href":"https:\/\/api.w.org\/{rel}","templated":true}]}}